{"id":417,"date":"2020-04-17T07:41:44","date_gmt":"2020-04-17T07:41:44","guid":{"rendered":"http:\/\/zahnarztklaus.de\/?page_id=417"},"modified":"2020-05-12T17:47:41","modified_gmt":"2020-05-12T17:47:41","slug":"impressum","status":"publish","type":"page","link":"https:\/\/zahnarztklaus.de\/?page_id=417","title":{"rendered":"Impressum"},"content":{"rendered":"\t\t<div data-elementor-type=\"wp-page\" data-elementor-id=\"417\" class=\"elementor elementor-417\">\n\t\t\t\t\t\t\t\t\t<section class=\"elementor-section elementor-top-section elementor-element elementor-element-7129f4a elementor-section-boxed elementor-section-height-default elementor-section-height-default\" data-id=\"7129f4a\" data-element_type=\"section\">\n\t\t\t\t\t\t<div class=\"elementor-container elementor-column-gap-default\">\n\t\t\t\t\t<div class=\"elementor-column elementor-col-100 elementor-top-column elementor-element elementor-element-82ebddb\" data-id=\"82ebddb\" data-element_type=\"column\">\n\t\t\t<div class=\"elementor-widget-wrap elementor-element-populated\">\n\t\t\t\t\t\t\t\t<div class=\"elementor-element elementor-element-aa8e55c elementor-widget elementor-widget-heading\" data-id=\"aa8e55c\" data-element_type=\"widget\" data-widget_type=\"heading.default\">\n\t\t\t\t<div class=\"elementor-widget-container\">\n\t\t\t<h2 class=\"elementor-heading-title elementor-size-default\">Impressum gem\u00e4\u00df \u00a75 TMG<\/h2>\t\t<\/div>\n\t\t\t\t<\/div>\n\t\t\t\t<div class=\"elementor-element elementor-element-cab7c07 elementor-widget elementor-widget-text-editor\" data-id=\"cab7c07\" data-element_type=\"widget\" data-widget_type=\"text-editor.default\">\n\t\t\t\t<div class=\"elementor-widget-container\">\n\t\t\t\t\t\t\t\t\t\t\t\t\t<\/div>\n\t\t\t\t<\/div>\n\t\t\t\t\t<\/div>\n\t\t<\/div>\n\t\t\t\t\t\t\t<\/div>\n\t\t<\/section>\n\t\t\t\t<section class=\"elementor-section elementor-top-section elementor-element elementor-element-dc86595 elementor-section-boxed elementor-section-height-default elementor-section-height-default\" data-id=\"dc86595\" data-element_type=\"section\">\n\t\t\t\t\t\t<div class=\"elementor-container elementor-column-gap-default\">\n\t\t\t\t\t<div class=\"elementor-column elementor-col-100 elementor-top-column elementor-element elementor-element-6e9a289\" data-id=\"6e9a289\" data-element_type=\"column\">\n\t\t\t<div class=\"elementor-widget-wrap elementor-element-populated\">\n\t\t\t\t\t\t\t\t<div class=\"elementor-element elementor-element-8e67807 elementor-widget elementor-widget-text-editor\" data-id=\"8e67807\" data-element_type=\"widget\" data-widget_type=\"text-editor.default\">\n\t\t\t\t<div class=\"elementor-widget-container\">\n\t\t\t\t\t\t\t<p>Zahnarztpraxis Dominic Klaus vertreten durch Dominic Klaus<br>An den Wurten 37<br>26954 Nordenham<\/p><p><br><\/p>\n<p>Telefon: (04731) 9351134<\/p><p><br><\/p>\n<p>E-Mail: info@zahnarzt-klaus.de<\/p><p><br><\/p>\n<p>Dominic Klaus ist&nbsp;Mitglied der Zahn\u00e4rztekammer Niedersachsen, Zei\u00dfstra\u00dfe 11a, 30519 Hannover. Er f\u00fchrt die Berufsbezeichnung Zahnarzt, die in der Bundesrepublik Deutschland im Jahre 2015 verliehen wurde.<\/p>\n<p>Die Berufsordnung der Zahn\u00e4rztekammer Niedersachen ist einsehbar unter&nbsp;http:\/\/www.zkn.de\/. Weitere berufsrechtliche Regeln sind das Gesetz \u00fcber die Aus\u00fcbung der Zahnheilkunde&nbsp;und die Approbationsordnung f\u00fcr Zahn\u00e4rzte;&nbsp;diese sind einsehbar unter&nbsp;http:\/\/www.gesetze-im-internet.de.<\/p>\n<p>Inhaltlich Verantwortlicher gem\u00e4\u00df \u00a7 55 Abs.&nbsp;1 RStV:&nbsp; Dominic Klaus<\/p><p><br><\/p><p><br><\/p>\n<p><span style=\"color: #797878; font-family: Hind, Arial, sans-serif;\"><span style=\"font-size: 14px;\">Haftungsausschluss:<\/span><\/span><\/p>\n<p><span style=\"color: #797878; font-family: Hind, Arial, sans-serif;\"><span style=\"font-size: 14px;\">Haftung f\u00fcr Inhalte<\/span><\/span><\/p>\n<p><span style=\"color: #797878; font-family: Hind, Arial, sans-serif;\"><span style=\"font-size: 14px;\">Die Inhalte unserer Seiten wurden mit gr\u00f6\u00dfter Sorgfalt erstellt. F\u00fcr die Richtigkeit, Vollst\u00e4ndigkeit und Aktualit\u00e4t der Inhalte k\u00f6nnen wir jedoch keine Gew\u00e4hr \u00fcbernehmen. Als Diensteanbieter sind wir gem\u00e4\u00df \u00a7 7 Abs.1 TMG f\u00fcr eigene Inhalte auf diesen Seiten nach den allgemeinen Gesetzen verantwortlich. Nach \u00a7\u00a7 8 bis 10 TMG sind wir als Diensteanbieter jedoch nicht verpflichtet,<\/span><\/span><\/p>\n<p><span style=\"color: #797878; font-family: Hind, Arial, sans-serif;\"><span style=\"font-size: 14px;\">\u00fcbermittelte oder gespeicherte fremde Informationen zu \u00fcberwachen oder nach Umst\u00e4nden zu forschen, die auf eine rechtswidrige T\u00e4tigkeit hinweisen. Verpflichtungen zur Entfernung oder Sperrung der Nutzung von Informationen nach den allgemeinen Gesetzen bleiben hiervon unber\u00fchrt. Eine diesbez\u00fcgliche Haftung ist jedoch erst ab dem Zeitpunkt der Kenntnis einer konkreten<\/span><\/span><\/p>\n<p><span style=\"color: #797878; font-family: Hind, Arial, sans-serif;\"><span style=\"font-size: 14px;\">Rechtsverletzung m\u00f6glich. Bei Bekanntwerden von entsprechenden Rechtsverletzungen werden wir diese Inhalte umgehend entfernen.<\/span><\/span><\/p>\n<p><span style=\"color: #797878; font-family: Hind, Arial, sans-serif;\"><span style=\"font-size: 14px;\">Haftung f\u00fcr Links<\/span><\/span><\/p>\n<p><span style=\"color: #797878; font-family: Hind, Arial, sans-serif;\"><span style=\"font-size: 14px;\">Unser Angebot enth\u00e4lt Links zu externen Webseiten Dritter, auf deren Inhalte wir keinen Einfluss haben. Deshalb k\u00f6nnen wir f\u00fcr diese fremden Inhalte auch keine Gew\u00e4hr \u00fcbernehmen. F\u00fcr die Inhalte der verlinkten Seiten ist stets der jeweilige Anbieter oder Betreiber der Seiten verantwortlich. Die verlinkten Seiten wurden zum Zeitpunkt der Verlinkung auf m\u00f6gliche Rechtsverst\u00f6\u00dfe<\/span><\/span><\/p>\n<p><span style=\"color: #797878; font-family: Hind, Arial, sans-serif;\"><span style=\"font-size: 14px;\">\u00fcberpr\u00fcft. Rechtswidrige Inhalte waren zum Zeitpunkt der Verlinkung nicht erkennbar. Eine permanente inhaltliche Kontrolle der verlinkten Seiten ist jedoch ohne konkrete Anhaltspunkte einer Rechtsverletzung nicht zumutbar. Bei Bekanntwerden von Rechtsverletzungen werden wir derartige Links umgehend entfernen.<\/span><\/span><\/p>\n<p><span style=\"color: #797878; font-family: Hind, Arial, sans-serif;\"><span style=\"font-size: 14px;\">&nbsp;<\/span><\/span><\/p>\n<p><span style=\"color: #797878; font-family: Hind, Arial, sans-serif;\"><span style=\"font-size: 14px;\">Urheberrecht<\/span><\/span><\/p>\n<p><span style=\"color: #797878; font-family: Hind, Arial, sans-serif;\"><span style=\"font-size: 14px;\">Die durch die Seitenbetreiber erstellten Inhalte und Werke auf diesen Seiten unterliegen dem deutschen Urheberrecht. Die Vervielf\u00e4ltigung, Bearbeitung, Verbreitung und jede Art der Verwertung au\u00dferhalb der Grenzen des Urheberrechtes bed\u00fcrfen der schriftlichen Zustimmung des jeweiligen Autors bzw. Erstellers. Downloads und Kopien dieser Seite sind nur f\u00fcr den privaten, nicht<\/span><\/span><\/p>\n<p><span style=\"color: #797878; font-family: Hind, Arial, sans-serif;\"><span style=\"font-size: 14px;\">kommerziellen Gebrauch gestattet. Soweit die Inhalte auf dieser Seite nicht vom Betreiber erstellt wurden, werden die Urheberrechte Dritter beachtet. Insbesondere werden Inhalte Dritter als solche gekennzeichnet. Sollten Sie trotzdem auf eine Urheberrechtsverletzung aufmerksam werden, bitten wir um einen entsprechenden Hinweis. Bei Bekanntwerden von Rechtsverletzungen<\/span><\/span><\/p>\n<p><span style=\"color: #797878; font-family: Hind, Arial, sans-serif;\"><span style=\"font-size: 14px;\">werden wir derartige Inhalte umgehend entfernen.<\/span><\/span><\/p><p><span style=\"color: #797878; font-family: Hind, Arial, sans-serif;\"><span style=\"font-size: 14px;\"><br><\/span><\/span><\/p>\t\t\t\t\t\t<\/div>\n\t\t\t\t<\/div>\n\t\t\t\t\t<\/div>\n\t\t<\/div>\n\t\t\t\t\t\t\t<\/div>\n\t\t<\/section>\n\t\t\t\t\t\t\t<\/div>\n\t\t","protected":false},"excerpt":{"rendered":"<p>Impressum gem\u00e4\u00df \u00a75 TMG Zahnarztpraxis Dominic Klaus vertreten durch Dominic KlausAn den Wurten 3726954 Nordenham Telefon: (04731) 9351134 E-Mail: info@zahnarzt-klaus.de Dominic Klaus ist&nbsp;Mitglied der Zahn\u00e4rztekammer Niedersachsen, Zei\u00dfstra\u00dfe 11a, 30519 Hannover. Er f\u00fchrt die Berufsbezeichnung Zahnarzt, die in der Bundesrepublik Deutschland im Jahre 2015 verliehen wurde. Die Berufsordnung der Zahn\u00e4rztekammer Niedersachen ist einsehbar unter&nbsp;http:\/\/www.zkn.de\/. Weitere berufsrechtliche [&hellip;]<\/p>\n","protected":false},"author":1,"featured_media":0,"parent":0,"menu_order":0,"comment_status":"closed","ping_status":"closed","template":"","meta":{"site-sidebar-layout":"no-sidebar","site-content-layout":"page-builder","ast-site-content-layout":"","site-content-style":"default","site-sidebar-style":"default","ast-global-header-display":"","ast-banner-title-visibility":"","ast-main-header-display":"","ast-hfb-above-header-display":"","ast-hfb-below-header-display":"","ast-hfb-mobile-header-display":"","site-post-title":"disabled","ast-breadcrumbs-content":"","ast-featured-img":"disabled","footer-sml-layout":"","theme-transparent-header-meta":"default","adv-header-id-meta":"","stick-header-meta":"","header-above-stick-meta":"","header-main-stick-meta":"","header-below-stick-meta":"","astra-migrate-meta-layouts":"default","ast-page-background-enabled":"default","ast-page-background-meta":{"desktop":{"background-color":"","background-image":"","background-repeat":"repeat","background-position":"center center","background-size":"auto","background-attachment":"scroll","background-type":"","background-media":"","overlay-type":"","overlay-color":"","overlay-opacity":"","overlay-gradient":""},"tablet":{"background-color":"","background-image":"","background-repeat":"repeat","background-position":"center center","background-size":"auto","background-attachment":"scroll","background-type":"","background-media":"","overlay-type":"","overlay-color":"","overlay-opacity":"","overlay-gradient":""},"mobile":{"background-color":"","background-image":"","background-repeat":"repeat","background-position":"center center","background-size":"auto","background-attachment":"scroll","background-type":"","background-media":"","overlay-type":"","overlay-color":"","overlay-opacity":"","overlay-gradient":""}},"ast-content-background-meta":{"desktop":{"background-color":"var(--ast-global-color-5)","background-image":"","background-repeat":"repeat","background-position":"center center","background-size":"auto","background-attachment":"scroll","background-type":"","background-media":"","overlay-type":"","overlay-color":"","overlay-opacity":"","overlay-gradient":""},"tablet":{"background-color":"var(--ast-global-color-5)","background-image":"","background-repeat":"repeat","background-position":"center center","background-size":"auto","background-attachment":"scroll","background-type":"","background-media":"","overlay-type":"","overlay-color":"","overlay-opacity":"","overlay-gradient":""},"mobile":{"background-color":"var(--ast-global-color-5)","background-image":"","background-repeat":"repeat","background-position":"center center","background-size":"auto","background-attachment":"scroll","background-type":"","background-media":"","overlay-type":"","overlay-color":"","overlay-opacity":"","overlay-gradient":""}},"footnotes":""},"class_list":["post-417","page","type-page","status-publish","hentry"],"_links":{"self":[{"href":"https:\/\/zahnarztklaus.de\/index.php?rest_route=\/wp\/v2\/pages\/417","targetHints":{"allow":["GET"]}}],"collection":[{"href":"https:\/\/zahnarztklaus.de\/index.php?rest_route=\/wp\/v2\/pages"}],"about":[{"href":"https:\/\/zahnarztklaus.de\/index.php?rest_route=\/wp\/v2\/types\/page"}],"author":[{"embeddable":true,"href":"https:\/\/zahnarztklaus.de\/index.php?rest_route=\/wp\/v2\/users\/1"}],"replies":[{"embeddable":true,"href":"https:\/\/zahnarztklaus.de\/index.php?rest_route=%2Fwp%2Fv2%2Fcomments&post=417"}],"version-history":[{"count":7,"href":"https:\/\/zahnarztklaus.de\/index.php?rest_route=\/wp\/v2\/pages\/417\/revisions"}],"predecessor-version":[{"id":464,"href":"https:\/\/zahnarztklaus.de\/index.php?rest_route=\/wp\/v2\/pages\/417\/revisions\/464"}],"wp:attachment":[{"href":"https:\/\/zahnarztklaus.de\/index.php?rest_route=%2Fwp%2Fv2%2Fmedia&parent=417"}],"curies":[{"name":"wp","href":"https:\/\/api.w.org\/{rel}","templated":true}]}}